What is the units digit of 265831321?
1
What is the units digit of 91692001?
1
What is the thousands digit of 6825737?
5
What is the ten millions digit of 1028351650?
2
What is the ten thousands digit of 741300872?
0
What is the ten thousands digit of 3407361734?
6
What is the millions digit of 148363227?
8
What is the ten thousands digit of 69205339?
0
What is the units digit of 472936741?
1
What is the units digit of 47545820?
0
What is the tens digit of 1866774285?
8
What is the hundreds digit of 196850833?
8
What is the hundred thousands digit of 1161907204?
9
What is the ten thousands digit of 1047126626?
2
What is the millions digit of 54818491?
4
What is the millions digit of 2729550583?
9
What is the tens digit of 551239326?
2
What is the thousands digit of 67267206?
7
What is the hundred thousands digit of 220866957?
8
What is the units digit of 502687879?
9
What is the hundred thousands digit of 192690990?
6
What is the thousands digit of 512081617?
1
What is the ten thousands digit of 5812076926?
7
What is the hundred millions digit of 629736605?
6
What is the hundred millions digit of 1320926533?
3
What is the ten millions digit of 461328991?
6
What is the hundred millions digit of 341168003?
3
What is the ten thousands digit of 321187675?
8
What is the ten millions digit of 2178864109?
7
What is the ten thousands digit of 1132038094?
3
What is the ten thousands digit of 1363225597?
2
What is the hundreds digit of 19208872?
8
What is the tens digit of 58379310?
1
What is the ten thousands digit of 265348342?
4
What is the hundred thousands digit of 186834520?
8
What is the tens digit of 648810319?
1
What is the millions digit of 12893218?
2
What is the ten thousands digit of 40931164?
3
What is the ten thousands digit of 567977882?
7
What is the hundred millions digit of 1601999842?
6
What is the thousands digit of 20463922?
3
What is the tens digit of 74590873?
7
What is the units digit of 262102784?
4
What is the ten thousands digit of 132637889?
3
What is the units digit of 20205988?
8
What is the hundreds digit of 864158682?
6
What is the hundreds digit of 364162043?
0
What is the hundred millions digit of 4740015244?
7
What is the tens digit of 141665565?
6
What is the tens digit of 2519688883?
8
What is the hundreds digit of 1029197520?
5
What is the hundred thousands digit of 219863221?
8
What is the hundred thousands digit of 1467667377?
6
What is the billions digit of 9134579247?
9
What is the hundreds digit of 141257191?
1
What is the tens digit of 24498482?
8
What is the hundred millions digit of 357741203?
3
What is the hundred thousands digit of 158227101?
2
What is the ten thousands digit of 89925579?
2
What is the hundreds digit of 70742482?
4
What is the hundred millions digit of 131568194?
1
What is the tens digit of 461348886?
8
What is the millions digit of 2066166772?
6
What is the millions digit of 1433796034?
3
What is the thousands digit of 220630010?
0
What is the hundreds digit of 1557897489?
4
What is the hundreds digit of 497785362?
3
What is the billions digit of 2933125489?
2
What is the thousands digit of 67399459?
9
What is the hundreds digit of 59530298?
2
What is the thousands digit of 218413007?
3
What is the millions digit of 168243377?
8
What is the tens digit of 373368377?
7
What is the hundred millions digit of 337612649?
3
What is the hundreds digit of 501131176?
1
What is the thousands digit of 65528239?
8
What is the hundred thousands digit of 2951658850?
6
What is the hundred thousands digit of 198187324?
1
What is the hundred thousands digit of 670198425?
1
What is the hundred thousands digit of 744213593?
2
What is the hundreds digit of 2402999124?
1
What is the hundred thousands digit of 186941504?
9
What is the hundred thousands digit of 335198235?
1
What is the hundreds digit of 17879481?
4
What is the hundred thousands digit of 1494910424?
9
What is the millions digit of 1928688473?
8
What is the thousands digit of 294828117?
8
What is the thousands digit of 97585931?
5
What is the ten thousands digit of 50332520?
3
What is the thousands digit of 106597613?
7
What is the ten millions digit of 115710763?
1
What is the ten thousands digit of 2513274168?
7
What is the hundreds digit of 436567866?
8
What is the hundred thousands digit of 2601782784?
7
What is the units digit of 87067828?
8
What is the hundreds digit of 592621974?
9
What is the units digit of 8700871?
1
What is the billions digit of 3281642315?
3
What is the hundred thousands digit of 145762393?
7
What is the units digit of 73273531?
1
What is the ten thousands digit of 1871818085?
1
What is the units digit of 8911758?
8
What is the ten millions digit of 130418845?
3
What is the hundred millions digit of 4278549346?
2
What is the billions digit of 1073872456?
1
What is the thousands digit of 61655098?
5
What is the millions digit of 1980097188?
0
What is the millions digit of 340574819?
0
What is the ten thousands digit of 39306319?
0
What is the hundred thousands digit of 3351626?
3
What is the ten millions digit of 38378561?
3
What is the thousands digit of 1312789?
2
What is the millions digit of 1750437356?
0
What is the units digit of 646641928?
8
What is the tens digit of 604355586?
8
What is the millions digit of 2452713209?
2
What is the ten millions digit of 315562371?
1
What is the hundreds digit of 34049817?
8
What is the hundred thousands digit of 842389266?
3
What is the thousands digit of 710180033?
0
What is the ten thousands digit of 350470418?
7
What is the thousands digit of 32619039?
9
What is the tens digit of 1473109958?
5
What is the millions digit of 62836029?
2
What is the thousands digit of 3102434?
2
What is the thousands digit of 4658286273?
6
What is the thousands digit of 54977402?
7
What is the millions digit of 295426308?
5
What is the ten millions digit of 13510877?
1
What is the hundred millions digit of 292120521?
2
What is the millions digit of 135424326?
5
What is the ten millions digit of 2125819533?
2
What is the ten millions digit of 69990051?
6
What is the hundred thousands digit of 7747558?
7
What is the tens digit of 4386018523?
2
What is the hundred millions digit of 146314257?
1
What is the tens digit of 35844872?
7
What is the millions digit of 676695248?
6
What is the hundred millions digit of 1059549203?
0
What is the hundred thousands digit of 200527209?
5
What is the units digit of 3284424047?
7
What is the hundreds digit of 3402847974?
9
What is the ten thousands digit of 16264831?
6
What is the ten thousands digit of 88553656?
5
What is the units digit of 61945404?
4
What is the millions digit of 251287127?
1
What is the tens digit of 377318721?
2
What is the ten thousands digit of 160937953?
3
What is the units digit of 295287802?
2
What is the millions digit of 3799503684?
9
What is the thousands digit of 94574716?
4
What is the hundreds digit of 2943154159?
1
What is the units digit of 677992609?
9
What is the ten thousands digit of 231207819?
0
What is the billions digit of 4065541815?
4
What is the millions digit of 3504055?
3
What is the hundred thousands digit of 85669519?
6
What is the hundred thousands digit of 252766352?
7
What is the millions digit of 1079098446?
9
What is the hundred millions digit of 607410111?
6
What is the hundred thousands digit of 13253781?
2
What is the units digit of 1007341?
1
What is the hundred thousands digit of 6706765515?
7
What is the tens digit of 2361988314?
1
What is the hundred millions digit of 445402153?
4
What is the ten thousands digit of 6572838529?
3
What is the ten thousands digit of 126562538?
6
What is the hundreds digit of 55729809?
8
What is the ten millions digit of 131002840?
3
What is the millions digit of 9795159?
9
What is the tens digit of 9254852238?
3
What is the hundreds digit of 30709008?
0
What is the ten thousands digit of 93375503?
7
What is the units digit of 1491208945?
5
What is the millions digit of 852630430?
2
What is the hundreds digit of 346884999?
9
What is the tens digit of 419802749?
4
What is the hundred thousands digit of 289090130?
0
What is the hundred thousands digit of 392764086?
7
What is the ten millions digit of 152480107?
5
What is the ten thousands digit of 82703549?
0
What is